. Suppose u - j = c - 3*c, -2*c = -3*u - 19. What are the prime factors of c?
2
Suppose -4*i - 4*s + 8 = 0, 3*i + 0*s - 3*s + 6 = 0. Suppose r + 4*b = 20, i*r = r - 4*b - 12. List the prime factors of r.
2
Let c(v) = -v - 5. Let k be c(-5). Let u be 36 + (5 - (2 - k)). Suppose -u = -3*g - 0*g. What are the prime factors of g?
13
Let d be (-6 - -5)*1*-1. Let g be d - (-1)/((-1)/(-3)). Suppose 0*l = g*l - 40. List the prime factors of l.
2, 5
Let u(s) = -32*s**3 + 2*s**2 + 2*s. List the prime factors of u(-1).
2
Let c(h) = -h**3 - 5*h**2 - 6*h - 3. Let v be c(-4). Suppose 228 = -v*u - 192. List the prime factors of ((-4)/6)/(8/u).
7
Let b(n) = -n**3 - n**2 + n + 82. List the prime factors of b(0).
2, 41
Let x(v) = v + 8. Let y be x(8). What are the prime factors of (-1 - 1)*y/(-4)?
2
Let f be 30/(-4)*(-24)/12. Suppose 0 = 4*c - f - 5. What are the prime factors of c?
5
Let k(y) = y**3 + y**2 - 3*y - 2. Let p be k(-2). Let z(h) = -h**2 + h. Let g be z(p). What are the prime factors of (-1 + g)/(3/(-24))?
2
Let k(g) = -g**3 - g + 24. What are the prime factors of k(0)?
2, 3
Let p = 19 + -11. Let c = p + -6. List the prime factors of 0*2/c + 12.
2, 3
Let x be 2 - -1 - (-3 - -3). Suppose v - 4*l = 3, -2*l = -3*v + x*l + 9. List the prime factors of v.
3
Let r be 4/(-8) + 158/4. Suppose -2*k = -r + 11. List the prime factors of k.
2, 7
Suppose 10*l = 5*l. Let s(b) = -b**3 - b**2 + b + 28. List the prime factors of s(l).
2, 7
Suppose 1 = -2*f + g - 4, -3*g + 15 = 2*f. Suppose 5*k = k + 12. Suppose -2*l = -6, -k*j + 21 = -f*l - 3*l. List the prime factors of j.
2, 5
Let u be (5/(-15))/((-1)/(-3)). List the prime factors of 10*(2/(-5) - u).
2, 3
Suppose 0 = -3*i + 18 - 6. Suppose i*q = g + 80, 3*g = -4*q - g + 100. List the prime factors of q.
3, 7
Let v be 9/4 - 5/20. Suppose 3*j + 4*i - 2 - 43 = 0, -v*j - 4*i + 30 = 0. What are the prime factors of j?
3, 5
Let r be -12*((-4)/(-10))/((-78)/65). Let a be -2*(-23)/6*6. Suppose r*k = 122 - a. List the prime factors of k.
19
Let z(d) = d**3 + 7*d**2 - 2*d - 8. Let q be z(-7). Let i be (-3)/(-2)*8/q. Suppose i*t + 2 = 8. What are the prime factors of t?
3
Let x = 138 - -15. What are the prime factors of x?
3, 17
Suppose -a = -3*x + 4*a + 100, 88 = 3*x + a. Suppose -q - q + x = 0. List the prime factors of q.
3, 5
Let d(r) = -2*r**3 - 2*r**2 + 5*r + 2. Let m be d(-3). Let x = 33 - m. What are the prime factors of x?
2, 5
Suppose -89*g = -88*g - 76. List the prime factors of g.
2, 19
Let k = -7 + 5. What are the prime factors of 33/3 + k/(-2)?
2, 3
Let t = -7 - -10. Let n(a) = 7*a - 1 - 4 + 2*a - t*a. What are the prime factors of n(4)?
19
Let f be (-1)/(-5) - (-8)/10. Let u be (-2)/(0 - -2)*f. List the prime factors of 9/(u - 10/(-4)).
2, 3
Suppose 2 = 4*k + 10. List the prime factors of k + 2 - -9*3.
3
Suppose -3*k - 4 = 2*h, 12 = -h + 2*h - 2*k. Suppose h*c + r - 108 = -3*r, -c - 5*r + 47 = 0. What are the prime factors of c?
2, 11
Let k be -3 + -10*(-2)/4. Suppose 0 = -k*s + 24 + 16. List the prime factors of s.
2, 5
Suppose -4*y = -0*r - 5*r + 8, -3*y = 6. Let u = -91 + 131. Suppose r*d + 4*d - u = -4*w, -w - 4 = -d. What are the prime factors of d?
7
Let b(q) = q**3 - 4*q**2 - q - 2. Let z be b(4). Suppose 4*m - 8*m = -56. Let a = z + m. List the prime factors of a.
2
Let q = -3 + 5. Let l = -18 + 29. Suppose q*m = -3*w + 41, -2*m + 4*w - w + l = 0. List the prime factors of m.
13
Let s = 29 - 17. Let v(g) = g - 4. Let i be v(5). What are the prime factors of s/(i/(-2) + 2)?
2
Let m(l) = -l + 13. What are the prime factors of m(-10)?
23
Suppose s + 42 = 3*v - 2*s, -s = 3*v - 46. What are the prime factors of v?
3, 5
Suppose 0*r + 5*r - 35 = -5*x, 7 = -2*x + 5*r. Suppose -w + 35 = x*w. List the prime factors of w.
7
Suppose -5*j = -3*v - 1, 3*v - 19 = -5*j - 0*v. Suppose -t - j + 14 = 0. List the prime factors of t.
2, 3
Suppose 0 = -3*w - w + 12. List the prime factors of w/(-15) - (-116)/5.
23
Suppose 4*q - 5 = -1. Suppose -3 = -w + q. Suppose 0 = w*y - 12 - 32. List the prime factors of y.
11
What are the prime factors of 764/4 + (-3 - 3) + 2?
11, 17
Let n(j) = -j + 3. List the prime factors of n(-11).
2, 7
Let p = -11 - -17. Suppose a - p*a = -v - 44, 0 = 3*a - 4*v - 40. What are the prime factors of a?
2
Suppose -p + 0 = -4*w + 6, 5*p - 5*w = 0. List the prime factors of p/12*-2*-156.
2, 13
Suppose -6*k = -7*k + 221. Suppose k = 5*h - 49. Suppose -2*s + 5*s - h = 0. List the prime factors of s.
2, 3
Let n(i) = -7*i - 1. List the prime factors of n(-2).
13
Let c = -22 + 107. List the prime factors of c.
5, 17
Suppose 2*x - x - 5 = 0. Suppose 48 = -2*w + x*w. What are the prime factors of w?
2
Let l(d) be the first derivative of d**5/24 - d**4/24 + 2*d**3/3 - 1. Let m(t) be the third derivative of l(t). What are the prime factors of m(1)?
2
Suppose 5*y = -0*y - 20. Let o be (2/y)/((-1)/26). Suppose 3*m + 94 = 4*x - o, 4*m = 5*x - 135. What are the prime factors of x?
23
Let m = 2 - -1. Suppose 0 = g + 5*k - 26, 6 = m*g - 5*k + 2*k. What are the prime factors of (1 - -1)/(4/g)?
3
Let n(f) = 6 + 3 + 0 - f**2. What are the prime factors of n(0)?
3
Let v(p) = 3*p - 4. What are the prime factors of v(3)?
5
Suppose -573 - 182 = -5*w. What are the prime factors of w?
151
Suppose 2*d = d + 202. List the prime factors of d.
2, 101
Let r be (-5 - 0)*-1 + 3. List the prime factors of -2*((-68)/r)/1.
17
Suppose n = 2*h - n - 172, -3*n + 172 = 2*h. What are the prime factors of h?
2, 43
Suppose 5*x - 39 - 26 = 0. Suppose -19 = -4*p - u, -u + x = p + 2*u. What are the prime factors of p?
2
Let a(w) be the third derivative of w**6/120 + 2*w**5/15 - w**4/2 + 3*w**3/2 - 2*w**2. List the prime factors of a(-9).
2, 3
Let l be (-6)/(-3)*(-5)/(-2). Suppose -3*d + 81 = 3*o, -l*d - 3*o + 57 = -3*d. What are the prime factors of d?
2, 3
Let j(t) = 3*t + 11*t**3 - 3*t**3 + 1 - 5*t + t. Let u = 1 + 0. What are the prime factors of j(u)?
2
Let x be (-10)/15*3/2. Let h be (x - -1 - -2)/1. Suppose j - l - 20 = h*l, 0 = 4*j + 4*l - 32. What are the prime factors of j?
11
What are the prime factors of 134 - ((-1 - 4) + 9)?
2, 5, 13
Let z(t) = 2*t**2 + 4*t - 1. Let d be z(3). Let f = -42 + d. What are the prime factors of 2/3 + f/(-3)?
5
Suppose 4*v - 4 = -24. Let x(d) be the second derivative of -d**4/12 - d**3 + 6*d. List the prime factors of x(v).
5
Let h = 0 - -4. Suppose 0 = h*s + 10 - 26. What are the prime factors of s?
2
Let d be (1/3)/((-7)/(-1932)). Let p = -40 + d. What are the prime factors of p?
2, 13
Suppose 0 = 3*w + 9 - 42. List the prime factors of (-4)/22 - (-90)/w.
2
Let s(l) = 2*l**3 + 2*l - 2. Let i be s(2). Let r = -6 - 2. List the prime factors of (i/r)/(1/(-4)).
3
Let f = -11 + 41. What are the prime factors of f?
2, 3, 5
Let y(f) = f - 1. Let u be y(1). Let h be (-136)/(-4) - u/(-2). Suppose -14 = -3*l + h. What are the prime factors of l?
2
Let n(i) = -3*i + 2. Suppose 0*a = 3*y + 4*a - 11, 3*a + 18 = 3*y. Let m be n(y). Let r = m + 25. List the prime factors of r.
2, 3
Let n(u) = -u**2 + 23*u + 15. What are the prime factors of n(20)?
3, 5
List the prime factors of ((-2)/(-4))/((-4)/(-1096)).
137
Let b be 3063/(-12) + 1/4. What are the prime factors of (-1)/(-4) - b/20?
13
Suppose 5*c + 3*k + 15 - 113 = 0, 0 = 4*c + k - 77. What are the prime factors of c?
19
Let w = -44 - -214. What are the prime factors of w?
2, 5, 17
Suppose -3*v = -2*p - 27, 5*p - 15 = -4*v - 2. What are the prime factors of v?
7
Let z = 42 - -2. What are the prime factors of z?
2, 11
Suppose -68 = -5*b - 2*o + 17, 4*b + 4*o = 68. Let y = b + -8. Let r = y + -5. What are the prime factors of r?
2
Suppose 6*m - 21 = -3*b + 3*m, -3*b + 39 = -3*m. List the prime factors of 4*(b/4)/5.
2
Suppose 2*t - 18 = 6. Suppose c - 2*b = -2, 5*b = c - 4 + t. What are the prime factors of c?
2
Let u = -14 - -39. What are the prime factors of u?
5
Suppose -5*j + 249 = -41. List the prime factors of j.
2, 29
Let s = 1 - -16. Suppose 0 = r - 1, -s = -3*g + 5*r + 62. Let l = g - 15. What are the prime factors of l?
13
Suppose 321 = 3*d + 3*f, 3*f - 5*f + 434 = 4*d. List the prime factors of d.
2, 5, 11
Suppose 3*c = 11*c - 2152. What are the prime factors of c?
269
Suppose 4*c = -4*b, -2*c = 4*b + 3*c. Let r = b + 7. What are the prime factors of r?
7